6).
-7
Let q(p) = p**2 - 4*p. Let f be (-8 - (0 + -5))*(-1)/1. Determine q(f).
-3
Let a(l) = 4*l + 5*l + 34 - 4*l + 0*l - 20. What is a(-12)?
-46
Let y(n) be the second derivative of -3*n**2 - 2*n + 1/6*n**3 + 0. Suppose 27*b + 10 = 25*b. Determine y(b).
-11
Suppose 10*l + 21 = 13*l. Suppose -l + 1 = -2*b. Let u(i) = -7 - 3*i**2 + 7*i**2 - 4*i - b*i**2. What is u(6)?
5
Let r(k) = 13*k**3 + 19*k**2 - 16*k - 15. Let n(l) = -5*l**3 - 6*l**2 + 6*l + 5. Let p(d) = -8*n(d) - 3*r(d). Determine p(9).
5
Let x(h) = 8*h - 1. Let z(a) = -22*a + 1. Let u(q) = 17*x(q) + 6*z(q). Calculate u(-8).
-43
Let x be 3/(1*2/(-4)). Let n(u) = 2*u**3 - 7*u**2 - 7*u + 1. Let d(s) = 3*s**3 - 7*s**2 - 7*s + 1. Let h = 15 - 11. Let y(r) = h*n(r) - 3*d(r). What is y(x)?
7
Let o(n) = n**3 + 7*n**2 + 6*n. Let z be o(-6). Let c(w) = -w**2 - 13204693*w + 13204693*w - 1. Give c(z).
-1
Let b(w) = -41*w**3 - 9*w**2 - 9*w - 8. Let v(u) = -184*u**3 - 37*u**2 - 38*u - 33. Let x(y) = 9*b(y) - 2*v(y). Let t = 6 - 12. Determine x(t).
-12
Let m(k) be the third derivative of -k**6/120 - k**5/10 - k**4/12 - k**3 - k**2 - 75. What is m(-4)?
-30
Let b(q) = q**3 + 6*q**2 - 6*q + 7. Suppose -3*k + 0*k + 15 = 0. Suppose 40 = -k*u + x + 4*x, -15 = 2*u - x. What is b(u)?
0
Let j(x) = x**2 + 4*x + 1. Let k(v) = -v**3 - 10*v**2 + 11*v + 6. Let z be k(-11). Suppose 5*r - 4 - z = 0. Suppose 5 = -r*a - 7. Give j(a).
13
Let u(y) = -y - 6. Let n = -7 - -12. Suppose 138 = -5*j + c, -4*j + 3*c - n = 101. Let f be 2/(j/8 + 3). Give u(f).
-2
Let p(b) = 5*b**3 - 28*b**2 + 9*b + 1. Let a(c) = -c**3 + c**2 + c + 1. Let k(q) = 3*a(q) + p(q). Let z be k(12). Let m(r) = r**3 - 4*r**2 + 3*r - 6. Give m(z).
6
Let f(v) be the first derivative of -v**4/4 - 2*v**3 - v**2 - 6*v + 409. Calculate f(-6).
6
Let a(o) be the third derivative of 1/4*o**4 + 0 + 1/24*o**5 - 4*o**2 + 0*o + 1/360*o**6 - 1/6*o**3. Let w(f) be the first derivative of a(f). Give w(-5).
6
Suppose 2*a + 13 = 1. Let i(c) be the first derivative of -1/4*c**4 - 2*c**3 - c**2 + 2 - 8*c. Give i(a).
4
Let n(w) = -6*w + 2. Let c(x) = -3*x + 1. Let p(o) = -5*c(o) + 3*n(o). Suppose -4*m = -22 + 2. Suppose 0 = z + 4*i - 16 - 5, 5*z - m*i + 20 = 0. What is p(z)?
-2
Let c(i) = i**3 + 5*i**2 - 3*i - 4. Let j be (-24)/(-10)*420/(-168). Determine c(j).
-22
Suppose -r - 5*c = -20, 5*r - 15 - 1 = -4*c. Suppose -f - f + 4 = r. Let l(j) = 1 - 7 + f - 4*j**2 + 4*j + j**3. Give l(4).
12
Let l(d) = -2*d**2 + 25*d + 19. Let b(x) = -x**2 + 12*x + 10. Let w(h) = 5*b(h) - 2*l(h). Give w(9).
21
Let k(d) = -19*d + 1. Let l be ((-2)/3)/(-2 + (-8)/(-3)). Give k(l).
20
Let d(p) be the first derivative of p**3/3 + p**2 - 3*p - 7. Let g = -22 + 18. What is d(g)?
5
Let p(w) = 93*w**3 - 16*w**2 + 11*w + 5. Let f(o) = -31*o**3 + 6*o**2 - 4*o - 2. Let t(a) = 8*f(a) + 3*p(a). Give t(1).
31
Suppose 12*b + 103 = 163. Let j(s) = s**2 - 4*s + 2. Let i(t) = 2*t**2 - 8*t + 5. Let a(q) = 2*i(q) - 5*j(q). Calculate a(b).
-5
Let f(r) = 14*r + 3. Let z(b) = 30*b + 6. Let l(x) = -13*f(x) + 6*z(x). What is l(0)?
-3
Suppose 5*h = f + 10, f + 3*f + 22 = 2*h. Let s(m) = -33*m**2 + 32*m**2 + 1 + 0*m + 10*m**3 - m - 2*m**3. Give s(h).
7
Let w(o) be the second derivative of -1/2*o**2 + 0 - 1/20*o**5 + 0*o**3 + 0*o**4 - 25*o. What is w(1)?
-2
Let k(h) be the second derivative of h**5/4 - h**2/2 + 73*h. Determine k(1).
4
Let z(v) = -4*v + 7. Let w(c) = 12*c - 16. Let i(p) = -2*w(p) - 7*z(p). Give i(3).
-5
Let k(x) be the third derivative of -x**5/120 - 17*x**4/24 + x**3/2 + 7*x**2. Let r(d) be the first derivative of k(d). Give r(0).
-17
Let z(l) = -l**3 + 2*l + 1. Let o = -21 + 25. Suppose o*y - 38 = -22. Suppose i - 3*s + y*s + 2 = 0, -i + 10 = -2*s. Give z(i).
-3
Let n(j) = j**2 + 13*j + 28. Let p be n(-11). Let h(z) = -z**2 + 5*z - 7. Determine h(p).
-13
Suppose -15 = -v - 3. Suppose v = -2*q + 2*h, 6 = 5*q + 3*h - 4. Let a(o) = o**3 + o**2 + 2*o + 1. Give a(q).
-1
Let o(w) = w. Let k(n) = 16*n - 24. Let y(x) = k(x) - 2*o(x). Let g(m) = -5*m + 8. Let u(c) = 17*g(c) + 6*y(c). What is u(-5)?
-3
Let a = -995 - -996. Let d(p) = -2*p**2 + 2*p - 2. What is d(a)?
-2
Suppose -47 = l - 2*w, -2*l + 4*w - 139 = l. Let f = -66 - l. Let v = f + 20. Let y(q) = 3*q - 1. Determine y(v).
-4
Suppose 2*v + 66 = 56. Let i(l) = l**2 + 2*l + 5. Calculate i(v).
20
Let h(k) = 13*k**2 + 33*k - 7. Let v(u) = 11*u**2 + 30*u - 6. Let z(l) = -6*h(l) + 7*v(l). Determine z(12).
0
Let c(j) be the third derivative of j**6/120 + j**4/24 - j**3/6 - 7*j**2. Let w(z) = 3*z**3 + z**2 + 8*z - 8. Let b(i) = -5*c(i) + w(i). Give b(2).
-9
Let o(h) be the first derivative of -h**2/2 + 3*h - 49. Calculate o(-3).
6
Let h(n) be the second derivative of -n**4/6 + 7*n**3/6 - 38*n + 1. Give h(4).
-4
Let g(n) = -n + 16. Let j be g(6). Suppose -j = -2*h - 8*h. Let v(i) = -4*i**3 - 2*i**2 + 2*i - 1. Calculate v(h).
-5
Let q(u) = u + 11. Let d = 243 - 248. Calculate q(d).
6
Let y(b) be the third derivative of b**5/60 + 5*b**4/24 + 2*b**3/3 - 43*b**2. Calculate y(-3).
-2
Let b(r) be the second derivative of r**6/720 - r**5/120 - 41*r**4/12 + 11*r. Let a(k) be the third derivative of b(k). What is a(7)?
6
Let k(i) = 4*i**2 - 5*i - 21. Let q(v) = -7*v**2 + 7*v + 41. Let b(n) = -9*k(n) - 5*q(n). What is b(9)?
-7
Let i be 2/(-9) + (-1020)/270. Let l(s) = -3*s**2 - 3*s + 3. Give l(i).
-33
Let m be (-7)/21 - (-22)/(-6) - -5. Let j(w) = 0*w + 2*w - 3*w - 3*w**2. What is j(m)?
-4
Let u(t) = -9*t + t - 1 + 4*t - t**2 - t. Let f be (-29)/5 + 2 - (-5)/(-25). Calculate u(f).
3
Suppose -4*t - 1 = -k - 9, -2*k + 2*t + 2 = 0. Suppose -2 - 22 = k*a. Let x(o) = o**3 + 5*o**2 - 7*o - 6. Calculate x(a).
0
Suppose 12*z = 9*z - 12. Let l be 14/z*(-10)/5. Let u(x) = -l + 2*x + 1 + 5 + 2*x**2. Determine u(-2).
3
Suppose -2 = -j - 3*z, 2 + 5 = -3*j + 4*z. Let w(s) be the third derivative of -1/20*s**6 + 0 + 0*s + 0*s**4 - 1/6*s**3 - 2*s**2 + 1/60*s**5. Calculate w(j).
6
Suppose 4*u - 2*g + 5*g - 3 = 0, -5*u - 2*g = 5. Let z(k) = -11*k - 4. What is z(u)?
29
Let n(t) = -150*t + 3 + 309*t - 155*t. Give n(-2).
-5
Let b(n) = -2*n**2 + 4*n**3 - 5049 - 3*n**3 + 5046 + n. Suppose 0 = -3*z - 2*z + 15. What is b(z)?
9
Let m(y) = 5*y**2 + 5*y + 5. Let k(j) = 9*j**2 + 9*j + 9. Let f(t) = -4*k(t) + 7*m(t). Let o(d) = 5*d**2 + 5*d + 10. Let w(g) = -4*f(g) - o(g). Determine w(0).
-6
Let h(g) = -g**2 - 8*g**3 + g**2 - g - g**2. Let z(p) = p**3 + 26*p**2 + 44*p - 97. Let u be z(-24). Calculate h(u).
8
Let g(s) be the third derivative of -s**6/120 + s**5/30 - s**4/12 - s**3/3 - 3*s**2 - 8*s. What is g(2)?
-6
Suppose 2*p + g = 14, 0 = -5*p - 4*g + 2*g + 34. Let y(d) = 7*d**2 - 13*d + 5. Let u(s) = -10*s**2 + 19*s - 8. Let x(i) = -5*u(i) - 7*y(i). Determine x(p).
17
Let l(o) = o + 74*o**3 + 0 + o - 2 - 80*o**3. Give l(1).
-6
Let k(o) be the second derivative of -o**4/12 + 7*o**3/6 - 5*o**2/2 + 2*o. Let d = -584 - -591. Determine k(d).
-5
Let k(r) = r**3 + 3*r**2 - 3*r + 5. Suppose 8 = -w - 3*w. Let g(n) = 2*n**3 + n**2 - 4*n. Let s be g(w). Determine k(s).
1
Let r(i) be the third derivative of i**6/120 + i**5/12 - i**4/24 - 7*i**3/6 - 80*i**2. Calculate r(-5).
-2
Let h(g) = -40*g. Let x(j) = -5*j. Let d(w) = 6*h(w) - 51*x(w). Let y(m) = -m**3 + 12*m**2 - 9*m - 21. Let i be y(11). Determine d(i).
15
Suppose 3*z + 10 = -2*g, z = 5*g - 3*z + 2. Let p be 24/14 + g - (-165)/(-35). Let c(r) = -r + 7. Give c(p).
12
Let i(z) = z + 4. Let u be -2*(1 - (-4)/(-8)) - 5. Let k be 0 + 2 + -6 + 5 + u. Determine i(k).
-1
Let s(r) = -3*r + 33. Let u be s(11). Let o(c) = -c - 1. Calculate o(u).
-1
Let h(o) = -o**2 - 4*o + 10. Let u(p) = 3*p + 3. Let x be u(-3). What is h(x)?
-2
Let y(i) be the first derivative of -1/4*i**4 - 1/3*i**3 - 20 + 0*i + i**2. What is y(-2)?
0
Let n(f) = f**2 - 14*f - 29. Let m(v) = v**2 - 15*v - 34. Let a(b) = 5*m(b) - 6*n(b). Calculate a(6).
22
Let f(h) be the third derivative of h**4/12 - 7*h**3/6 + 167*h**2. What is f(0)?
-7
Let v(s) = -2*s + 11. Suppose -49*o = -86*o + 296. Calculate v(o).
-5
Let d(o) = -9*o - 1. Let n(q) be the first derivative of -q**2/2 + 5*q - 12. Let x be n(7). Determine d(x).
17
Let l be 7*1*(-96)/(-28). Suppose 2*c + 2*c = -l. Let h(x) be the second derivative of -x**5/20 - x**4/2 + x**3/6 + 4*x**2 - 27*x. Calculate h(c).
2
Suppose 0*t + o = 3*t - 9, 3*o = 0.